t - z = 12. What is the highest common factor of t and 84?
28
Suppose o = -36 + 95. Suppose -63*k + o*k + 192 = 0. Calculate the greatest common divisor of 24 and k.
24
Let p be ((-3)/2)/(7/(490/7)). Let a be 20/p*(-39)/2. Let y = -6 + a. Calculate the highest common factor of y and 15.
5
Let t = -26 + 32. Suppose t*l - 104 = 4*l. Suppose -15*w + 11*w + l = 0. Calculate the greatest common factor of w and 52.
13
Let j(n) = n**2 - 6*n - 45. Suppose -4*w + 16*w = -84. Let f be j(w). Calculate the highest common divisor of f and 4.
2
Let l = -430 - -421. Let q be 3 - ((-3)/l)/((-2)/1284). Calculate the greatest common divisor of 93 and q.
31
Let t(z) = 3*z - 2*z + 0 + z**2 - 2*z - 4. Let u be t(-2). Suppose 0 = 4*s - u*s - 288. Calculate the greatest common factor of 18 and s.
18
Suppose -14432 - 634 = -18*m. Calculate the highest common factor of 13671 and m.
279
Suppose -2*w + 8 + 0 = 0. Let r be ((-42)/4)/(21/(-14)). Suppose -r*q - 3 + 10 = 0. Calculate the greatest common factor of w and q.
1
Suppose 310*m + 6429 - 47039 = 0. Calculate the greatest common factor of 1048 and m.
131
Suppose 2*i - 5 = -13. Let h be (i/(-8))/(5/(-50)). Let q(a) = -22*a - 5. Let l be q(h). Calculate the highest common divisor of 42 and l.
21
Let w = -273 - -277. Suppose 3*r = w*r - u, 2*r + 3*u = 25. Calculate the highest common factor of 5 and r.
5
Let d(y) = -y**3 + 76*y**2 - 350*y + 92. Let u be d(71). What is the highest common divisor of 1192 and u?
149
Let g be ((-22)/(-2))/((-128)/(-40) - 3). Let t be (-42)/11 + 6/(-33) - -17. Suppose 2 = k, 3*d + 3*k - t = 4*k. What is the greatest common divisor of g and d?
5
Suppose -16*p + 32 + 288 = 0. Let x be -7*(-205)/15 - (-3)/9. Let q = x - 36. What is the greatest common divisor of p and q?
20
Suppose -5*x = -4*t + 506, -x + 0*x + 2*t = 106. Let b = x + 42. Let s = 65 + b. What is the highest common divisor of s and 9?
9
Suppose -76 + 40 = -x - 5*s, 35 = 5*s. Calculate the greatest common factor of x and 5749.
1
Let s(h) = -2*h**3 + 26*h**2 - 10*h - 38. Let i be s(9). Calculate the greatest common factor of 30 and i.
10
Suppose 2 = o + 4. Let n(z) = 2*z**2 - 9*z - 15. Let m be n(o). Calculate the greatest common factor of 66 and m.
11
Let v be (-1016)/762 - (1618/(-6))/(4/248). Calculate the greatest common factor of v and 26.
26
Let n be (-1)/(-1 - 42/(-45)). Let b(w) = -w + 24 - 9*w - 1210*w**2 + 1211*w**2. Let t be b(7). What is the greatest common factor of n and t?
3
Let i = 841 + -837. What is the greatest common factor of 852 and i?
4
Suppose -4*s = -4*c + 628, 4*s - 14*c = -11*c - 631. Let p be (3/(-4))/(30/s). Calculate the greatest common divisor of p and 52.
4
Suppose 4*h = -3*t + 142 + 353, 510 = 4*h - 2*t. What is the greatest common divisor of 2338 and h?
14
Suppose 5*g - 53 = 3*v + 111, -3*g - 5*v + 78 = 0. Suppose 9*y = 4*y + 1240. Calculate the greatest common divisor of g and y.
31
Let j(z) = 6*z - 124. Let y(q) = -2*q + 41. Let u(n) = -4*j(n) - 11*y(n). Let g = -313 - -324. Let f be u(g). What is the highest common factor of f and 92?
23
Suppose 302 = 4*h + 5*f, -3*h - 147 = 2*f - 377. Let y = h - 64. Suppose 0*s = -2*s + y. What is the highest common divisor of 1 and s?
1
Let s be (-4500)/(-2) - ((-36)/(-18) + 5 + -1). Calculate the greatest common factor of 17 and s.
17
Let h be -5 + 11 + -2 - (-148 + 12). What is the highest common factor of h and 12215?
35
Let k = 50 - 36. Let s = 3764 + -3742. Calculate the greatest common factor of k and s.
2
Let a = 18 - -35. Let o = 77 - a. Calculate the highest common factor of o and 264.
24
Suppose 0 = -12*p - 28*p + 400. Suppose i + 5*i = 1020. Calculate the greatest common factor of i and p.
10
Let y = 89 - 86. Suppose 3*n - 2*k = y + 18, 5 = 4*n + 5*k. Let x be n*(-3)/(-15)*99. What is the greatest common factor of x and 9?
9
Let n = -154 - -161. Suppose -n*p - 7*p = -392. Calculate the highest common divisor of p and 140.
28
Suppose 75*j - 55 = 64*j. Suppose 0 = -15*z + j*z + 60. Calculate the highest common factor of 30 and z.
6
Let l(d) = -2*d**3 - 5*d**2 - 16*d - 12. Let i be l(-2). What is the highest common factor of 1296 and i?
16
Let h(p) = 53*p**2 + 29*p + 58*p**2 - 113*p**2 - 22 - 77*p. Let l be h(-21). Calculate the highest common divisor of 16 and l.
8
Suppose -7*t + 21*t = -3*t + 4046. Calculate the greatest common divisor of 2142 and t.
238
Let x = 12738 - 10186. Calculate the highest common factor of 704 and x.
88
Suppose 1290 = 5*n - 1170. Calculate the highest common divisor of 336 and n.
12
Suppose 39*w = 48*w. Suppose w = 255*b - 261*b + 450. Calculate the highest common factor of 50 and b.
25
Let q be 2 + 2 + -2*168/(-21). What is the highest common factor of q and 1690?
10
Let i(k) = k + 8. Let v be i(10). Suppose -2*r + 4 = -0. What is the highest common divisor of v and r?
2
Suppose 292*g = 300*g + 800. Let f = 88 - g. Calculate the greatest common factor of f and 4.
4
Let q = 437 + -311. Let g = q + -104. Suppose g*m - 153 = -65. Calculate the highest common divisor of 3 and m.
1
Suppose 5*w - 24 = -4*y, y - 3*w - 6 = -0*w. Suppose -2*o + y = 0, -4*o + 52 = -0*j + 2*j. What is the highest common divisor of j and 20?
20
Let p be 5 - (-19 + 10) - -6238. What is the highest common factor of 24 and p?
12
Let y(x) = 2*x**2 + 4*x - 6. Let c = -68 + 71. Let i be y(c). Suppose 3*t - i = 54. What is the highest common divisor of t and 234?
26
Suppose 0 = 2*d - 43*d + 12464. What is the greatest common divisor of d and 988?
76
Suppose n + 5 = 0, -8*a = -3*a + 4*n - 50. What is the highest common divisor of a and 50?
2
Suppose 0 = -3*s + 9, -3*g = 3*s - 16 - 5. Suppose -3*c = 38 - 65. Suppose y - 2 = 0, -c*d - 118 = -12*d - 5*y. What is the greatest common divisor of d and g?
4
Let h be 72 - 84 - (-72 - 3). What is the highest common factor of h and 7?
7
Suppose 300*h + 130 = 310*h. Suppose -13338 = -13*v - h*v. What is the greatest common factor of 19 and v?
19
Suppose -624*d + 625*d = -205. Let z = d + 219. Calculate the greatest common divisor of z and 98.
14
Let y = 1289 - 1266. What is the highest common factor of 6808 and y?
23
Suppose 4*w + 48 = 60. Suppose 0*q - 59 = -3*z + 2*q, w*q = 6. Let u = -30 - -44. Calculate the highest common divisor of z and u.
7
Suppose -t - 3*q + 10 = 0, 4*t + 2*q - 82 = -3*q. Calculate the greatest common factor of 896 and t.
28
Let z = 48 - -29. Let m = z - 128. Let q = m + 87. What is the highest common divisor of q and 18?
18
Let u = 26148 - 26136. What is the greatest common divisor of u and 3324?
12
Let p be (0/(-8))/((-4)/(-4)). Suppose -2*w + 3*f + 148 + 422 = p, 2*w = -3*f + 570. Calculate the greatest common factor of w and 95.
95
Suppose 136 = 4*n - 4*z, -5*n + 4*n - 5*z = 8. Calculate the greatest common factor of 6777 and n.
27
Let y(p) = p**2 + 9*p + 10. Let h be y(-8). Suppose -h*m = -0*m - 24. Let d be (20/25 + 256/280)*7. What is the greatest common divisor of d and m?
12
Let t(z) = 1019*z - 2969. Let k be t(3). Let b be -12*(30/(-9) + 0). What is the greatest common factor of b and k?
8
Suppose 2*l - 31*w + 36*w - 104 = 0, -156 = -3*l - 2*w. What is the highest common factor of 143 and l?
13
Let s(u) = -3*u - 9. Let y be s(11). Let x be (-14)/y + 11/3. Suppose 2*q = -x*l + 160, 5*l = q + 193 - 0. Calculate the greatest common divisor of l and 351.
39
Suppose 3*c - 3*b - 333 = -0*b, 4*c + 5*b = 435. Let i(r) = -22*r - 121. Let n be i(-8). Calculate the greatest common factor of c and n.
55
Suppose 3*n - 114 = 3*t, -156 = -11*n + 7*n + 2*t. What is the greatest common divisor of 25 and n?
5
Let h be 0 - 2*(-3 - -4) - -1. Let y be h*(1 + (2 - 3)). Let o be y - (0 - -1) - (-148 - 13). What is the greatest common factor of o and 20?
20
Let j = -29 + 35. Suppose 2*n = -2*p + 14, 11*p = j*p + n + 23. Suppose -2*z = -3*z + 3. Calculate the greatest common divisor of z and p.
1
Let u = -31 + 51. Let d be u/(-170) - 778/34. Let z = 88 + d. What is the highest common divisor of z and 26?
13
Let t be 0 + (-221)/(-7) - (-435)/1015. What is the greatest common factor of 6 and t?
2
Let l(x) = x**2 - 7*x - 28. Let q be l(10). Suppose 0 = 4*r + 5*w - 1015, -3*w + 508 = q*r - w. Calculate the highest common divisor of 15 and r.
15
Let u(b) = b**3 - 12*b - 4. Let c be u(5). Let a(s) = 182*s**2 -